common divisor of o and 42.
14
Let o be (-10)/15 + (-1252)/(-6). Calculate the highest common divisor of o and 32.
16
Suppose 132 = 4*x + 2*z, 5*x - 76*z + 79*z = 164. Calculate the greatest common divisor of x and 1802.
34
Let r(l) = 6*l + 2. Let v be r(12). Suppose -134 - v = 8*f. Let g = -19 - f. What is the highest common divisor of g and 1?
1
Let c = 547 - 490. Let y(d) = 3*d**2 - 2*d - 2. Let l be y(3). Calculate the greatest common factor of c and l.
19
Let k be (-4)/18 + (57918/(-54))/(-7). Suppose k = -9*f + 26*f. What is the highest common factor of 45 and f?
9
Suppose 0 = -5*k + h + 12, -1 = 2*k + 5*h - 22. Let u(w) = 45*w - 4362. Let b be u(97). Calculate the greatest common divisor of k and b.
3
Suppose -5*z = -220 - 720. What is the highest common divisor of 329 and z?
47
Suppose -3*v = -6*v + 4*j + 26, 2*j = v - 8. What is the greatest common factor of v and 45?
5
Let z = -1642 + 2730. Calculate the highest common factor of 34 and z.
34
Let g = 23 + -14. Suppose -g = -a - 4, a + 19 = 2*l. Calculate the highest common divisor of 12 and l.
12
Let n be 1/((-5 - -5) + -1). Let f be -2*(n/(-4) + 7/(-4)). Calculate the greatest common factor of 9 and f.
3
Suppose 0 = 7*o - 9*o + 28. Let q(l) = -3*l**2 + l + 1. Let t be q(-4). Let a = t + 93. Calculate the greatest common factor of a and o.
14
Let q(i) = -37*i - 9. Let u be q(-1). Calculate the highest common factor of 140 and u.
28
Let b be 3*(-3 - -4) + -1. Suppose 5*n + 45 = 4*k, -b*k - 5*n = -3*k + 15. What is the highest common divisor of k and 50?
10
Suppose 21*v = 27*v - 18. Suppose 0 = -f - b + 30 - v, -2*b + 6 = 0. What is the greatest common divisor of f and 192?
24
Suppose -u + 45 = 37*w - 32*w, 3*w = 5*u - 197. Let p = 56 - 36. What is the highest common divisor of p and u?
20
Let o be ((-2)/4)/(1/(-4)). Suppose -y - 4*y = -4*h + 19, -4*h + 54 = o*y. Calculate the greatest common divisor of h and 88.
11
Let j(w) = -w**2 - 8*w + 19. Let d be (0 + -2)*160/(-8). Suppose -21*o = -16*o + d. Let q be j(o). Calculate the highest common divisor of 133 and q.
19
Let b(w) = 3*w**2 - 7*w + 13. Let r be b(6). Suppose r = 5*k - 221. Calculate the greatest common divisor of 24 and k.
12
Let h(a) = 2*a**2 + 2*a + 46. Let r be h(-18). Calculate the highest common divisor of 42 and r.
14
Suppose -k + 4*k - 48 = 0. Suppose -k*j = -17*j + 74. Calculate the greatest common factor of j and 185.
37
Suppose 5*g - 48 = 4*b, 3*g - 13*b = -17*b + 16. Calculate the highest common divisor of 12 and g.
4
Suppose -701 = 4*f + 3*v, 5*v - 647 - 62 = 4*f. Let o = f + 257. Suppose 4*d + 4*k = 9 + 43, -d + 5*k - 11 = 0. Calculate the highest common divisor of o and d.
9
Let a = 11 - 17. Let j be 2/(-2)*8*a. Let z be (-270)/(-24) + 3/4. Calculate the highest common divisor of j and z.
12
Let r be 288 + 1/((-3)/6). Let y be (-62)/(-2) + (-8 - (2 - 5)). Calculate the greatest common divisor of y and r.
26
Suppose -5*t + 4*t - 3*u = -46, 2*t - 4*u - 122 = 0. Suppose -5*a - 5*d + 40 = 0, -d = -38*a + 43*a - 52. What is the highest common factor of t and a?
11
Let o = 1 - -5. Suppose 2*z = o*z - 8. Suppose -5*v + 0*c = 2*c - 22, 10 = 3*v + 2*c. What is the greatest common divisor of z and v?
2
Suppose 0 = 3*f + 2*z - 7*z - 161, -3*f = 2*z - 175. Let c(l) = l**2 - 8*l - 1. Let n be c(10). What is the highest common divisor of f and n?
19
Let r be 467 + (6 + -7)*-13. Calculate the greatest common factor of r and 128.
32
Let w(s) = -s**3 - s**2 + 7*s + 10. Let y be w(-4). Let f = 12 - -32. Let q = f + -29. Calculate the highest common factor of q and y.
15
Let d(u) = u**3 + 23*u**2 - 6*u + 78. Let i be d(-23). Calculate the greatest common factor of 108 and i.
108
Suppose 13 = 5*l - 2. Suppose 52 = 5*m - 2*h, 4*h = -l*m + h + 48. Let u(c) = 21*c - 3. Let x be u(3). What is the highest common factor of x and m?
12
Suppose 70*n = 64*n + 6090. Calculate the highest common divisor of n and 35.
35
Suppose 1171 + 1174 = 7*t. Calculate the highest common divisor of 67 and t.
67
Let y(g) = g**2 + 2*g - 2. Let v be y(-3). Suppose 5*o = 3*l - 0 - 9, o = 3. What is the highest common divisor of v and l?
1
Let m = -74 + 91. Let n = -7 + 8. Let i be -1*n*17*-1. What is the highest common factor of i and m?
17
Let a be (2208/(-345))/((-2)/35). What is the highest common factor of 352 and a?
16
Let c = -42 + 44. Suppose -c*r - 51 = -5*r. What is the highest common factor of 51 and r?
17
Suppose 3*d - 5*w + 353 = 5*d, 2*w + 318 = 2*d. Let v = -98 + d. Calculate the highest common factor of v and 44.
22
Let y = -1928 - -2102. What is the highest common factor of y and 145?
29
Let q(u) be the second derivative of 4/3*u**3 + 0 + 2*u + 0*u**2. Let g be q(7). What is the highest common divisor of g and 8?
8
Suppose 4*i = -5*j - 13 + 1, 5*j - 3*i - 9 = 0. Suppose j = -5*d + 57 + 23. What is the highest common factor of d and 8?
8
Suppose r - 36 = -3*r. Suppose 3*o - 3*s = 12, 0*o - s = o. Suppose -p + 62 = -u, 0 = 2*p - 3*p + o*u + 61. Calculate the greatest common factor of p and r.
9
Suppose -3*z - 15 = 0, -330 = -32*a + 28*a - 2*z. What is the greatest common divisor of 612 and a?
17
Suppose d - 952 = -3*w, 0 = -10*d + 7*d + 5*w + 2898. Calculate the highest common divisor of 31 and d.
31
Suppose 4*y + 132 + 164 = 0. Suppose 5*x - 25 - 595 = 0. Let i = x + y. What is the highest common factor of i and 125?
25
Let k be (-10)/(-5) + 5 + 7 + 32. What is the highest common factor of 23 and k?
23
Suppose 4*t = -5*m + 36, -3*t - 8 = 3*m - 32. Calculate the greatest common divisor of m and 2.
2
Let l = 643 - 323. What is the greatest common factor of l and 20?
20
Let h(x) = x**3 - 19*x**2 + 36*x + 1. Let v be h(17). What is the highest common divisor of v and 7?
7
Suppose 4*h + 134 = 342. What is the greatest common divisor of h and 988?
52
Let h(j) = -j**3 - 5*j**2 + 4*j + 2. Let a be h(-6). Suppose 0 = 5*q - 0*q. Suppose -3*i + 0*i + 168 = q. What is the greatest common factor of a and i?
14
Suppose 9*i - 55 - 593 = 0. Suppose -5*h - 565 = -5*w - 0*h, -5*w - h + 535 = 0. What is the highest common factor of w and i?
36
Suppose 5*r = 2*t + 728, 4*t = -t - 20. Calculate the greatest common divisor of 6 and r.
6
Let l(u) = 4*u**2 + 16. Let k be l(6). What is the highest common divisor of 20 and k?
20
Let o = 21 - 10. Let c(g) = -g**2 + 16*g - 3. Let b be c(o). Calculate the greatest common divisor of 13 and b.
13
Suppose 8*c - 3*c = 75. Let j = c - 10. Let m be 18/15*j - 3. Calculate the highest common divisor of 27 and m.
3
Suppose -3*g - 1122 = -6*g. What is the highest common factor of g and 17?
17
Let f(x) = -3*x**2 - 7 + 20*x - 3*x**2 - 2*x**2 + 5*x**2. Let y be f(6). Calculate the highest common divisor of 5 and y.
5
Let u(f) be the first derivative of 3*f**2/2 + 24*f + 1. Let q be u(7). Calculate the highest common factor of 15 and q.
15
Let d = 103 - 72. Let h = d - 7. Calculate the greatest common divisor of 264 and h.
24
Let g be (-2)/((-16)/(-580))*-2. What is the highest common divisor of g and 116?
29
Let c be (-131)/2*6*2/3. Let f = -157 - c. Calculate the greatest common factor of 21 and f.
21
Let i(x) = 10*x**2 - 3*x + 8. Let h be i(2). What is the highest common factor of h and 189?
21
Let o(f) = -72*f**2 - f - 1. Let v be o(-1). Let r = -66 - v. Calculate the greatest common factor of r and 6.
6
Suppose -219 + 273 = 18*x. Let s(c) = 3*c**2 + 5*c + 3. Let n be s(-5). Let y = -29 + n. Calculate the highest common factor of x and y.
3
Let k be 8 + (-1)/(-1) - 4. Suppose -k*h = -3*h + 8. Let z be 30/h*(-84)/35. What is the highest common divisor of z and 18?
18
Let y be (-29)/87*(3*2)/2. Let i be 12 + 2 + 0/(y - 0). Suppose -2*w - 10 = 0, -w - 89 = -2*v - 2*v. What is the highest common divisor of v and i?
7
Let t = -17 + 40. Calculate the greatest common factor of t and 3.
1
Suppose j - 68 + 56 = 0. Calculate the greatest common factor of 228 and j.
12
Let i = -10 - -13. Suppose 0 = f - 5*j - 0*j + i, -f - 5*j = -7. Suppose 2*d - f*n = 20, -d - 2*n + 10 = 2*d. Calculate the greatest common divisor of 15 and d.
3
Let u = 51 - 11. Let c be 2/5*(-11 - 403/(-13)). Calculate the highest common divisor of c and u.
8
Let b be (-3 - 22/(-6))/(9/270). Calculate the greatest common divisor of 1030 and b.
10
Let n = -256 - -361. What 